{"id":13,"date":"2022-04-11T12:24:19","date_gmt":"2022-04-11T12:24:19","guid":{"rendered":"https:\/\/lavanderiajg.com\/?page_id=13"},"modified":"2025-03-11T23:58:12","modified_gmt":"2025-03-11T23:58:12","slug":"nosotros","status":"publish","type":"page","link":"https:\/\/lavanderiajg.com\/index.php\/nosotros\/","title":{"rendered":"Nosotros"},"content":{"rendered":"\t\t<div data-elementor-type=\"wp-page\" data-elementor-id=\"13\" class=\"elementor elementor-13\" data-elementor-post-type=\"page\">\n\t\t\t\t\t\t<section class=\"elementor-section elementor-top-section elementor-element elementor-element-31648a5 elementor-section-full_width elementor-section-stretched elementor-section-height-default elementor-section-height-default\" data-id=\"31648a5\" data-element_type=\"section\" data-settings=\"{&quot;stretch_section&quot;:&quot;section-stretched&quot;,&quot;background_background&quot;:&quot;classic&quot;}\">\n\t\t\t\t\t\t<div class=\"elementor-container elementor-column-gap-wider\">\n\t\t\t\t\t<div class=\"elementor-column elementor-col-100 elementor-top-column elementor-element elementor-element-728b2ab\" data-id=\"728b2ab\" data-element_type=\"column\">\n\t\t\t<div class=\"elementor-widget-wrap elementor-element-populated\">\n\t\t\t\t\t\t<section class=\"elementor-section elementor-inner-section elementor-element elementor-element-f9128d0 elementor-section-full_width elementor-section-height-default elementor-section-height-default\" data-id=\"f9128d0\" data-element_type=\"section\">\n\t\t\t\t\t\t<div class=\"elementor-container elementor-column-gap-default\">\n\t\t\t\t\t<div class=\"elementor-column elementor-col-50 elementor-inner-column elementor-element elementor-element-1d523dd\" data-id=\"1d523dd\" data-element_type=\"column\">\n\t\t\t<div class=\"elementor-widget-wrap elementor-element-populated\">\n\t\t\t\t\t\t<div class=\"elementor-element elementor-element-59e2c5d elementor-widget elementor-widget-heading\" data-id=\"59e2c5d\" data-element_type=\"widget\" data-widget_type=\"heading.default\">\n\t\t\t\t<div class=\"elementor-widget-container\">\n\t\t\t\t\t<h1 class=\"elementor-heading-title elementor-size-default\">Nosotros<\/h1>\t\t\t\t<\/div>\n\t\t\t\t<\/div>\n\t\t\t\t<div class=\"elementor-element elementor-element-727afed elementor-view-framed elementor-widget__width-auto elementor-widget-mobile__width-initial elementor-shape-circle elementor-widget elementor-widget-icon\" data-id=\"727afed\" data-element_type=\"widget\" data-widget_type=\"icon.default\">\n\t\t\t\t<div class=\"elementor-widget-container\">\n\t\t\t\t\t\t\t<div class=\"elementor-icon-wrapper\">\n\t\t\t<div class=\"elementor-icon\">\n\t\t\t<svg aria-hidden=\"true\" class=\"e-font-icon-svg e-fas-arrow-down\" viewBox=\"0 0 448 512\" xmlns=\"http:\/\/www.w3.org\/2000\/svg\"><path d=\"M413.1 222.5l22.2 22.2c9.4 9.4 9.4 24.6 0 33.9L241 473c-9.4 9.4-24.6 9.4-33.9 0L12.7 278.6c-9.4-9.4-9.4-24.6 0-33.9l22.2-22.2c9.5-9.5 25-9.3 34.3.4L184 343.4V56c0-13.3 10.7-24 24-24h32c13.3 0 24 10.7 24 24v287.4l114.8-120.5c9.3-9.8 24.8-10 34.3-.4z\"><\/path><\/svg>\t\t\t<\/div>\n\t\t<\/div>\n\t\t\t\t\t\t<\/div>\n\t\t\t\t<\/div>\n\t\t\t\t\t<\/div>\n\t\t<\/div>\n\t\t\t\t<div class=\"elementor-column elementor-col-50 elementor-inner-column elementor-element elementor-element-1f2f69f\" data-id=\"1f2f69f\" data-element_type=\"column\">\n\t\t\t<div class=\"elementor-widget-wrap elementor-element-populated\">\n\t\t\t\t\t\t<div class=\"elementor-element elementor-element-38f0174 elementor-widget elementor-widget-image\" data-id=\"38f0174\" data-element_type=\"widget\" data-widget_type=\"image.default\">\n\t\t\t\t<div class=\"elementor-widget-container\">\n\t\t\t\t\t\t\t\t\t\t\t\t\t\t\t<img fetchpriority=\"high\" decoding=\"async\" width=\"1000\" height=\"665\" src=\"https:\/\/lavanderiajg.com\/wp-content\/uploads\/2025\/03\/2148857525.jpg\" class=\"attachment-large size-large wp-image-422\" alt=\"\" srcset=\"https:\/\/lavanderiajg.com\/wp-content\/uploads\/2025\/03\/2148857525.jpg 1000w, https:\/\/lavanderiajg.com\/wp-content\/uploads\/2025\/03\/2148857525-500x333.jpg 500w, https:\/\/lavanderiajg.com\/wp-content\/uploads\/2025\/03\/2148857525-300x200.jpg 300w, https:\/\/lavanderiajg.com\/wp-content\/uploads\/2025\/03\/2148857525-768x511.jpg 768w, https:\/\/lavanderiajg.com\/wp-content\/uploads\/2025\/03\/2148857525-113x75.jpg 113w, https:\/\/lavanderiajg.com\/wp-content\/uploads\/2025\/03\/2148857525-480x319.jpg 480w\" sizes=\"(max-width:767px) 480px, (max-width:1000px) 100vw, 1000px\" \/>\t\t\t\t\t\t\t\t\t\t\t\t\t\t\t<\/div>\n\t\t\t\t<\/div>\n\t\t\t\t\t<\/div>\n\t\t<\/div>\n\t\t\t\t\t<\/div>\n\t\t<\/section>\n\t\t\t\t\t<\/div>\n\t\t<\/div>\n\t\t\t\t\t<\/div>\n\t\t<\/section>\n\t\t\t\t<section class=\"elementor-section elementor-top-section elementor-element elementor-element-a6f73e8 elementor-section-stretched elementor-section-boxed elementor-section-height-default elementor-section-height-default\" data-id=\"a6f73e8\" data-element_type=\"section\" data-settings=\"{&quot;stretch_section&quot;:&quot;section-stretched&quot;,&quot;background_background&quot;:&quot;classic&quot;}\">\n\t\t\t\t\t\t<div class=\"elementor-container elementor-column-gap-wider\">\n\t\t\t\t\t<div class=\"elementor-column elementor-col-100 elementor-top-column elementor-element elementor-element-fe4b4e4\" data-id=\"fe4b4e4\" data-element_type=\"column\">\n\t\t\t<div class=\"elementor-widget-wrap elementor-element-populated\">\n\t\t\t\t\t\t<section class=\"elementor-section elementor-inner-section elementor-element elementor-element-37fd5a9 elementor-section-boxed elementor-section-height-default elementor-section-height-default\" data-id=\"37fd5a9\" data-element_type=\"section\">\n\t\t\t\t\t\t<div class=\"elementor-container elementor-column-gap-default\">\n\t\t\t\t\t<div class=\"elementor-column elementor-col-50 elementor-inner-column elementor-element elementor-element-68021c0\" data-id=\"68021c0\" data-element_type=\"column\">\n\t\t\t<div class=\"elementor-widget-wrap elementor-element-populated\">\n\t\t\t\t\t\t<div class=\"elementor-element elementor-element-520b42b elementor-widget elementor-widget-image\" data-id=\"520b42b\" data-element_type=\"widget\" data-widget_type=\"image.default\">\n\t\t\t\t<div class=\"elementor-widget-container\">\n\t\t\t\t\t\t\t\t\t\t\t\t\t\t\t<img decoding=\"async\" width=\"1105\" height=\"1200\" src=\"https:\/\/lavanderiajg.com\/wp-content\/uploads\/2025\/03\/Logo05-vertical-1105x1200.png\" class=\"attachment-large size-large wp-image-387\" alt=\"\" srcset=\"https:\/\/lavanderiajg.com\/wp-content\/uploads\/2025\/03\/Logo05-vertical-1105x1200.png 1105w, https:\/\/lavanderiajg.com\/wp-content\/uploads\/2025\/03\/Logo05-vertical-460x500.png 460w, https:\/\/lavanderiajg.com\/wp-content\/uploads\/2025\/03\/Logo05-vertical-276x300.png 276w, https:\/\/lavanderiajg.com\/wp-content\/uploads\/2025\/03\/Logo05-vertical-768x834.png 768w, https:\/\/lavanderiajg.com\/wp-content\/uploads\/2025\/03\/Logo05-vertical-1414x1536.png 1414w, https:\/\/lavanderiajg.com\/wp-content\/uploads\/2025\/03\/Logo05-vertical-1886x2048.png 1886w, https:\/\/lavanderiajg.com\/wp-content\/uploads\/2025\/03\/Logo05-vertical-69x75.png 69w, https:\/\/lavanderiajg.com\/wp-content\/uploads\/2025\/03\/Logo05-vertical-480x521.png 480w\" sizes=\"(max-width:767px) 480px, (max-width:1105px) 100vw, 1105px\" \/>\t\t\t\t\t\t\t\t\t\t\t\t\t\t\t<\/div>\n\t\t\t\t<\/div>\n\t\t\t\t\t<\/div>\n\t\t<\/div>\n\t\t\t\t<div class=\"elementor-column elementor-col-50 elementor-inner-column elementor-element elementor-element-1cd4548\" data-id=\"1cd4548\" data-element_type=\"column\">\n\t\t\t<div class=\"elementor-widget-wrap elementor-element-populated\">\n\t\t\t\t\t\t<div class=\"elementor-element elementor-element-fb524a0 elementor-widget elementor-widget-text-editor\" data-id=\"fb524a0\" data-element_type=\"widget\" data-widget_type=\"text-editor.default\">\n\t\t\t\t<div class=\"elementor-widget-container\">\n\t\t\t\t\t\t\t\t\t<p style=\"text-align: justify;\">Somos una empresa de origen familiar cuya historia se remonta al 29 de noviembre de 1999, fecha en la que fue fundada por la Sra. Gabriela Aguirre y el Sr. Juli\u00e1n Torres, de quienes proviene el nombre de &#8216;Lavander\u00eda JG&#8217;. Nuestra trayectoria es un testimonio fiel de c\u00f3mo una estrategia de mercadotecnia efectiva permite expandirse y captar nuevos mercados. Iniciamos operaciones como una lavander\u00eda dom\u00e9stica, enfocada principalmente en servicios por encargo para clientes locales. Sin embargo, una inversi\u00f3n estrat\u00e9gica en aquel entonces, espec\u00edficamente en la Secci\u00f3n Amarilla, marc\u00f3 un punto de inflexi\u00f3n en nuestra organizaci\u00f3n. Este cambio nos llev\u00f3 a transformarnos en una lavander\u00eda industrial, evolucionando de un negocio familiar gestionado por un matrimonio y sus hijos, a una organizaci\u00f3n conformada por hasta 10 colaboradores, dedicada a satisfacer las demandas y necesidades del sector industrial.<\/p>\t\t\t\t\t\t\t\t<\/div>\n\t\t\t\t<\/div>\n\t\t\t\t\t<\/div>\n\t\t<\/div>\n\t\t\t\t\t<\/div>\n\t\t<\/section>\n\t\t\t\t\t<\/div>\n\t\t<\/div>\n\t\t\t\t\t<\/div>\n\t\t<\/section>\n\t\t\t\t<section class=\"elementor-section elementor-top-section elementor-element elementor-element-6f2f4dbd elementor-section-stretched elementor-section-boxed elementor-section-height-default elementor-section-height-default\" data-id=\"6f2f4dbd\" data-element_type=\"section\" data-settings=\"{&quot;stretch_section&quot;:&quot;section-stretched&quot;,&quot;background_background&quot;:&quot;classic&quot;}\">\n\t\t\t\t\t\t\t<div class=\"elementor-background-overlay\"><\/div>\n\t\t\t\t\t\t\t<div class=\"elementor-container elementor-column-gap-no\">\n\t\t\t\t\t<div class=\"elementor-column elementor-col-100 elementor-top-column elementor-element elementor-element-4f9baad0\" data-id=\"4f9baad0\" data-element_type=\"column\">\n\t\t\t<div class=\"elementor-widget-wrap elementor-element-populated\">\n\t\t\t\t\t\t<section class=\"elementor-section elementor-inner-section elementor-element elementor-element-1d6ec6ec elementor-section-boxed elementor-section-height-default elementor-section-height-default\" data-id=\"1d6ec6ec\" data-element_type=\"section\">\n\t\t\t\t\t\t<div class=\"elementor-container elementor-column-gap-no\">\n\t\t\t\t\t<div class=\"elementor-column elementor-col-50 elementor-inner-column elementor-element elementor-element-4cd9f8fb\" data-id=\"4cd9f8fb\" data-element_type=\"column\">\n\t\t\t<div class=\"elementor-widget-wrap elementor-element-populated\">\n\t\t\t\t\t\t<div class=\"elementor-element elementor-element-1d0cc520 elementor-widget elementor-widget-heading\" data-id=\"1d0cc520\" data-element_type=\"widget\" data-widget_type=\"heading.default\">\n\t\t\t\t<div class=\"elementor-widget-container\">\n\t\t\t\t\t<h3 class=\"elementor-heading-title elementor-size-default\">No encontraste<br> el servicio que necesitas? <br><span style=\"color:#3DAACE\"> Cont\u00e1ctanos!<\/span><\/h3>\t\t\t\t<\/div>\n\t\t\t\t<\/div>\n\t\t\t\t<div class=\"elementor-element elementor-element-23add12b elementor-widget elementor-widget-button\" data-id=\"23add12b\" data-element_type=\"widget\" data-widget_type=\"button.default\">\n\t\t\t\t<div class=\"elementor-widget-container\">\n\t\t\t\t\t\t\t\t\t<div class=\"elementor-button-wrapper\">\n\t\t\t\t\t<a class=\"elementor-button elementor-button-link elementor-size-sm\" href=\"#\">\n\t\t\t\t\t\t<span class=\"elementor-button-content-wrapper\">\n\t\t\t\t\t\t\t\t\t<span class=\"elementor-button-text\">Haz clic aqu\u00ed<\/span>\n\t\t\t\t\t<\/span>\n\t\t\t\t\t<\/a>\n\t\t\t\t<\/div>\n\t\t\t\t\t\t\t\t<\/div>\n\t\t\t\t<\/div>\n\t\t\t\t<div class=\"elementor-element elementor-element-41ed292f elementor-widget__width-initial elementor-widget elementor-widget-spacer\" data-id=\"41ed292f\" data-element_type=\"widget\" data-widget_type=\"spacer.default\">\n\t\t\t\t<div class=\"elementor-widget-container\">\n\t\t\t\t\t\t\t<div class=\"elementor-spacer\">\n\t\t\t<div class=\"elementor-spacer-inner\"><\/div>\n\t\t<\/div>\n\t\t\t\t\t\t<\/div>\n\t\t\t\t<\/div>\n\t\t\t\t\t<\/div>\n\t\t<\/div>\n\t\t\t\t<div class=\"elementor-column elementor-col-50 elementor-inner-column elementor-element elementor-element-1eb6b2af\" data-id=\"1eb6b2af\" data-element_type=\"column\">\n\t\t\t<div class=\"elementor-widget-wrap elementor-element-populated\">\n\t\t\t\t\t\t<div class=\"elementor-element elementor-element-65c8e8cb elementor-widget elementor-widget-image\" data-id=\"65c8e8cb\" data-element_type=\"widget\" data-widget_type=\"image.default\">\n\t\t\t\t<div class=\"elementor-widget-container\">\n\t\t\t\t\t\t\t\t\t\t\t\t\t\t\t<img decoding=\"async\" width=\"1200\" height=\"420\" src=\"https:\/\/lavanderiajg.com\/wp-content\/uploads\/2025\/03\/Logo05-1200x420.png\" class=\"attachment-large size-large wp-image-329\" alt=\"\" srcset=\"https:\/\/lavanderiajg.com\/wp-content\/uploads\/2025\/03\/Logo05-1200x420.png 1200w, https:\/\/lavanderiajg.com\/wp-content\/uploads\/2025\/03\/Logo05-500x175.png 500w, https:\/\/lavanderiajg.com\/wp-content\/uploads\/2025\/03\/Logo05-300x105.png 300w, https:\/\/lavanderiajg.com\/wp-content\/uploads\/2025\/03\/Logo05-768x269.png 768w, https:\/\/lavanderiajg.com\/wp-content\/uploads\/2025\/03\/Logo05-1536x538.png 1536w, https:\/\/lavanderiajg.com\/wp-content\/uploads\/2025\/03\/Logo05-2048x717.png 2048w, https:\/\/lavanderiajg.com\/wp-content\/uploads\/2025\/03\/Logo05-150x52.png 150w, https:\/\/lavanderiajg.com\/wp-content\/uploads\/2025\/03\/Logo05-480x168.png 480w\" sizes=\"(max-width:767px) 480px, (max-width:1200px) 100vw, 1200px\" \/>\t\t\t\t\t\t\t\t\t\t\t\t\t\t\t<\/div>\n\t\t\t\t<\/div>\n\t\t\t\t<div class=\"elementor-element elementor-element-4f2558c2 elementor-widget elementor-widget-spacer\" data-id=\"4f2558c2\" data-element_type=\"widget\" data-widget_type=\"spacer.default\">\n\t\t\t\t<div class=\"elementor-widget-container\">\n\t\t\t\t\t\t\t<div class=\"elementor-spacer\">\n\t\t\t<div class=\"elementor-spacer-inner\"><\/div>\n\t\t<\/div>\n\t\t\t\t\t\t<\/div>\n\t\t\t\t<\/div>\n\t\t\t\t\t<\/div>\n\t\t<\/div>\n\t\t\t\t\t<\/div>\n\t\t<\/section>\n\t\t\t\t\t<\/div>\n\t\t<\/div>\n\t\t\t\t\t<\/div>\n\t\t<\/section>\n\t\t\t\t<\/div>\n\t\t","protected":false},"excerpt":{"rendered":"<p>Nosotros Somos una empresa de origen familiar cuya historia se remonta al 29 de noviembre de 1999, fecha en la que fue fundada por la Sra.<span class=\"excerpt-hellip\"> [\u2026]<\/span><\/p>\n","protected":false},"author":1,"featured_media":0,"parent":0,"menu_order":0,"comment_status":"open","ping_status":"closed","template":"","meta":{"footnotes":""},"class_list":["post-13","page","type-page","status-publish","hentry"],"_links":{"self":[{"href":"https:\/\/lavanderiajg.com\/index.php\/wp-json\/wp\/v2\/pages\/13","targetHints":{"allow":["GET"]}}],"collection":[{"href":"https:\/\/lavanderiajg.com\/index.php\/wp-json\/wp\/v2\/pages"}],"about":[{"href":"https:\/\/lavanderiajg.com\/index.php\/wp-json\/wp\/v2\/types\/page"}],"author":[{"embeddable":true,"href":"https:\/\/lavanderiajg.com\/index.php\/wp-json\/wp\/v2\/users\/1"}],"replies":[{"embeddable":true,"href":"https:\/\/lavanderiajg.com\/index.php\/wp-json\/wp\/v2\/comments?post=13"}],"version-history":[{"count":37,"href":"https:\/\/lavanderiajg.com\/index.php\/wp-json\/wp\/v2\/pages\/13\/revisions"}],"predecessor-version":[{"id":578,"href":"https:\/\/lavanderiajg.com\/index.php\/wp-json\/wp\/v2\/pages\/13\/revisions\/578"}],"wp:attachment":[{"href":"https:\/\/lavanderiajg.com\/index.php\/wp-json\/wp\/v2\/media?parent=13"}],"curies":[{"name":"wp","href":"https:\/\/api.w.org\/{rel}","templated":true}]}}